*i - 4*s + 78. Suppose 5*m + 5*r - i = 0, -5*m + 2*r + 16 = 1. Let b = -3 + m. Let d(a) = a**2 + 1. Determine d(b).
1
Suppose 2*t + 2*u - 2 = 0, 0*t = -3*t - 2*u + 7. Suppose -2*x = -t*x - 3. Let w(q) = -1 - 34*q + 31*q + 0. Calculate w(x).
2
Let v(d) = 4*d**3 - 2*d**2 + 1. Suppose -3*u + 14 = -u + 4*g, -3*g + 9 = 3*u. Give v(u).
-5
Let j be (-3)/12*2*0. Let z(l) = -l**3 + 8*l + j - 4*l**2 - l**3 + l**3 + 6. Calculate z(-5).
-9
Let r(x) be the first derivative of x**4/4 - x**3/3 - 3*x**2/2 - 2*x - 1. Let g = -4 - -9. Suppose -4*t + 4 = l - g*l, -5*t = 4*l - 23. What is r(t)?
7
Let q(g) = -g**3 + 6*g**2 - g + 6. Suppose -60 = -2*s - 8*s. Give q(s).
0
Let d(s) = -6*s**3 - 6*s**2 + 4*s - 3. Let f(t) = -5*t**3 - 6*t**2 + 3*t - 2. Let h(y) = -4*d(y) + 5*f(y). What is h(-6)?
8
Let l(z) = -1 - 8 - 7*z + 4 + 8*z. Calculate l(3).
-2
Let k = 0 - 1. Let s(q) = q. Let m(z) = 6*z - 4. Let p(f) = k*m(f) + 4*s(f). Let h(b) = -b**2 - 7*b - 5. Let v be h(-5). Give p(v).
-6
Let p = -10 + 11. Let m(n) = 3*n**3 - 5*n**2 - 3*n + 3. Let o(c) = c**3 - c**2 - c. Let i(b) = p*m(b) - 4*o(b). Let u = 0 - 0. Determine i(u).
3
Suppose -5*x = u - 19, x - 5*u - 14 = -5. Let p(n) = 3*n**3 + 2*n**2 + 2*n - 1. Let j(m) = -4*m**3 - 3*m**2 - 3*m + 1. Let c(g) = x*j(g) + 5*p(g). Give c(-2).
3
Let q(c) be the third derivative of c**6/60 + c**5/30 - c**3/6 + c**2. Suppose -3*j - 2 - 1 = 0. What is q(j)?
-1
Let m(f) = 6*f**2 + 5*f**2 - 9*f**2 + 3 + 3*f. Let o(g) = -g**2 - 2*g - 2. Let u be o(-2). Give m(u).
5
Let y(s) = -s**2 - s - 1. Let x(t) = -7*t**2 - 5*t - 4. Let c(j) = x(j) - 6*y(j). Determine c(3).
-4
Suppose 0 = -5*g - g - 36. Let m(o) = o**3 + 6*o**2 - o - 5. What is m(g)?
1
Let d be 2*(3 + 8/(-4)). Let z be 3 - (-3 + 8)*d. Let n(l) = -l - 9. Give n(z).
-2
Let c(g) = g**2 + 3*g + g - 4 - 3*g + 5. Calculate c(0).
1
Let b be 1 + (-9)/(-54) + (-23)/(-6). Let m(j) = -j**2 + 2*j - 3. What is m(b)?
-18
Let p be 294/(-63) - (-2)/3. Let x(y) = y - 4. Calculate x(p).
-8
Let h(z) = -z. Let b be h(5). Let u(x) = x + 2. Give u(b).
-3
Suppose 2*t - 21 = -5*i, -4*i + 13 = -t + 4. Suppose 2*k - 1 = i*k. Let v = -2 - k. Let r(f) = -4*f**2 - f - 1. Determine r(v).
-4
Let p(r) be the first derivative of -2*r**4 + r**3/3 - r**2/2 - 18. Suppose 0*a - 4*x = 2*a - 6, -3*a + 5*x = 2. What is p(a)?
-8
Let g(v) = v**3 + 8*v**2 + 6*v - 9. Let b be g(-7). Let q be 1 + -3 + (-12)/b. Let l(i) = 5 - q + 0 - 3*i. Calculate l(1).
-2
Let u(d) = 3 + d**2 + 0 - 2*d**2 + 3*d + d. Determine u(-3).
-18
Let l(s) = -s - 8. Let g(z) be the second derivative of 2*z**3/3 + 11*z**2/2 - 9*z. Let q be g(-4). What is l(q)?
-3
Let d(x) = -2*x**2 + 18*x + 24. Let i be d(10). Let r(n) = -3*n + 4. Determine r(i).
-8
Let v(r) = -13 + 23 + 3 - 2*r. What is v(9)?
-5
Let y(v) = v + 2. Let q be y(-3). Let p(f) be the first derivative of 11*f**2 - 1 - 1 - 7*f**2. Determine p(q).
-8
Let p(t) = 2*t**3 - 3*t**2 + 2*t - 3. Let w = -8 + 13. Let h = -15 - -18. Suppose z - u + 1 = -4*u, -h*u = 4*z - w. Give p(z).
5
Suppose -w = 2*w + 6. Let y be (-2 + 7 + -2)*w. Let i(b) = b + 2. What is i(y)?
-4
Suppose 0*z - 12 = -4*z. Let y(j) be the second derivative of 0*j**2 + 0 - 2*j - 1/3*j**3. Give y(z).
-6
Let i = -1 + 3. Suppose 0 = 5*y - 27 + i. Let q(c) be the second derivative of -c**4/12 + 5*c**3/6 + 3*c**2 + 2*c. Give q(y).
6
Let v(i) = 5*i**2 + 2 - 3*i**2 - 2 - i. Let n(k) = -k + 5. Let z be n(5). Suppose 2*u - a - 6 = z, u = 2*a - 3*a. What is v(u)?
6
Let p(l) be the third derivative of l**4/24 - l**3/6 + l**2. Let y(a) = a**2 - 5*a + 6. Let g be y(5). Let c = g - 9. Give p(c).
-4
Let s = 53 + -59. Let w(q) be the second derivative of 0 + 0*q**2 - 1/6*q**3 - 2*q. What is w(s)?
6
Suppose 0 = -5*y + 2*y - 6, -3 = x + y. Let l(r) = 2*r**3 + r**2 - 6*r + 2. Let q(i) = i**3 - i**2 - i - 1. Let j(n) = x*l(n) + 3*q(n). Give j(4).
7
Let u(m) = m**2 + 6*m - 4. Suppose -4*x + 3*x - 6 = 0. Determine u(x).
-4
Suppose 2*b - 48 = -2*d, 2*b - 56 = -4*d + 40. Suppose -5*l = -l - d. Let f(p) = -1 + l - 3 - 2*p. Determine f(-2).
6
Let o(c) = 4*c. Suppose -22 = 6*x - 10. Calculate o(x).
-8
Let m = -2 - -6. Suppose 2*d = 3*d + m. Let t(s) = -6*s**2 - 1. Let v(w) = 5*w**2. Let z(i) = d*t(i) - 5*v(i). Determine z(0).
4
Suppose b + 2*j - 11 = 0, 2*b - 2*j + 4*j = 16. Let y(c) = 13*c - 4. Let q(s) = 3*s - 1. Let a(w) = 9*q(w) - 2*y(w). Give a(b).
4
Let j(t) = -5*t**2 - 10*t + 5. Let u(v) = -3*v**2 - 5*v + 3. Let z(f) = 4*j(f) - 7*u(f). Suppose -m + 24 = 3*m. Give z(m).
5
Let g = 15 - -5. Suppose 2*r = -2*d + 7*d - 15, 0 = 5*r - d - g. Let h(m) = -m - 2. Calculate h(r).
-7
Let u = 7 + -10. Suppose -7 = -5*f + 4*i, -i - 11 - 2 = -5*f. Let y(l) = 1 - 2*l + 3*l**3 + 2*l**3 - 5*l**3 + 2*l**2 + l**f. Calculate y(u).
-2
Let q(t) = t**2 - 6*t - 1. Let w(i) = i**2 - 5*i - 3. Let g be w(7). Let b = 18 - g. Determine q(b).
6
Suppose -2*x = 2*x. Let t(p) = 8*p**2 - p - p**2 + x*p + 2*p. Calculate t(-1).
6
Suppose -5*s + s = 0. Let m = 4 - s. Let o(y) = -y + 1. Determine o(m).
-3
Let s(o) be the second derivative of 2*o**5/5 - o**3/3 - o**2/2 - 4*o. Let x = 7 + -13. Let q(b) = -b**2 - 5*b + 5. Let n be q(x). Calculate s(n).
-7
Let z(d) = -2*d**3 - 2*d + 1. Let m(c) = -2*c**2 + 37*c - 17. Let f be m(18). Determine z(f).
-3
Suppose 5*n + 31 = p, n - 5*p - 6 = -n. Let q(o) = o**3 + 1. Let j(u) = u**3 - 7*u**2 - 2*u - 8. Let r(h) = j(h) - 2*q(h). What is r(n)?
4
Let t(d) = -10*d**3 + d**2. Let x(b) = -21*b**3 + 2*b**2. Let w(s) = -7*t(s) + 3*x(s). Give w(1).
6
Let s(l) be the second derivative of l**4/12 + l**3/3 - 7*l**2/2 + 21*l. Let p be ((3/3)/1)/1. Let x be p/((-33)/15 - -2). Give s(x).
8
Let o = -15 + 10. Let g(x) be the first derivative of -x**3/3 - 3*x**2 + x + 32. What is g(o)?
6
Let v(j) be the second derivative of -j**4/24 - j**3/6 - 3*j**2 - j. Let q(x) be the first derivative of v(x). Determine q(-6).
5
Suppose 2*j - 5*j = -15. Let i(v) = -3*v**3 + 2*v**2 + 5*v + 1. Let y = 0 - -2. Let a(b) = -4*b**3 + b**2 + 4*b + 2. Let d(z) = y*a(z) - 3*i(z). Calculate d(j).
-9
Let j(g) = -2 - 6 + 2 + 2 + 2*g. Determine j(5).
6
Let i(g) be the third derivative of -g**8/20160 - g**7/1260 - g**6/360 + g**5/12 + g**2. Let r(y) be the third derivative of i(y). Calculate r(-4).
-2
Let a be 2/(-7) - 23/(-7). Let t(r) = -r. Let u be t(-4). Let i(o) = -6*o + u - o**2 + o**3 + 2*o - o**2. Give i(a).
1
Let c(q) be the third derivative of -1/24*q**4 + 0*q**3 - 1/720*q**6 - q**2 + 0*q + 0 + 1/120*q**5. Let p(n) be the second derivative of c(n). Calculate p(-4).
5
Suppose 4*b + b = 25. Suppose -q = 3*q + l, 0 = -2*q - b*l. Let p(u) = u**2 + u - 6. What is p(q)?
-6
Let t = -11 + -11. Let h = t - -21. Let g(w) = 6*w**3 - 2*w - 1. What is g(h)?
-5
Let t(i) be the third derivative of 0 - 1/24*i**4 - 3*i**2 + 1/60*i**5 + 0*i + 5/3*i**3. Determine t(0).
10
Suppose 15 - 5 = 2*c. Suppose -14 + 4 = c*y. Let i = 2 - y. Let l(w) = w**2 - 4*w - 4. What is l(i)?
-4
Let f be ((-45)/(-27))/((-1)/(-3)). Let c(h) = h + 2. What is c(f)?
7
Let r(i) = -3*i**3 + 2*i + 1. Let o be r(-1). Let f be 16/o*2/4. Let b be f/(-1)*(-2)/4. Let g(d) = d**3 - d**2 + d + 2. Calculate g(b).
8
Let d(a) = -2*a**3 + 3*a**2 + a - 2. Let h be d(2). Let b(v) = 3*v - 2 - 4*v - v. Determine b(h).
6
Let q = -4 - -2. Let p be q - (-2)/(0 - -2). Let l(t) = 6*t - 2. Let m(u) = -7*u + 3. Let z(n) = 4*l(n) + 3*m(n). Give z(p).
-2
Let c(y) = -y**3 + 2*y**3 - 4*y + 3 - 9*y**2 + 3*y**2 - 2*y**3. Let h be c(-5). Let s(x) = -2*x**2 - 1 + x**2 + 3*x - x - 2*x**3. Calculate s(h).
7
Suppose 4*d = 3*s - 6, -s + 21 = 4*d + d. Let b(a) = -a**2 + 4*a + 4. Give b(s).
-8
Let j(b) = b**2 + 5*b - 4. Let t be (-3)/(-4) - (-74)/8. Let l be 0 - (-4 + 0 + t). What is j(l)?
2
Let i(k) = k + 10. Let c be i(-5). Let t(g) = 6 + 4*g - c*g + 3*g - g. Calculate t(0).
6
Let i = 7 + -5. Let t(j) = 0*j**2 + 2*j - j**i + 2*j**2. What is t(-4)?
8
Let v = -40 - -43. Let d(y) be the first derivative of y + 3 + 1/3*y**v + 0*y**2. Give d(2).
5
Let c(w) be the first derivative of 2*w**2 + w - 13. Give c(1).
5
Let t(o) = o**2 + o + 1. Let r be (-39)/(-104) - 19/8. Give t(r).
3
Let f = -12/7 - -79/42. Let m(v) be the second derivative of 3*v + 0 + 0*v**2 - f*v**3 + 2/3*v**4. Give m(1).
7
Let i(r) be the third derivative of r**4/24 + r**3/2 - 3*r**2. Calculate i(-3).
0
Let